s 2221322 - 23302100?
-21020112
In base 15, what is -3c82 - 27a0?
-6532
In base 10, what is -125 - -1792016?
1791891
In base 10, what is -26 + 6306818?
6306792
In base 7, what is -33404635 - 4?
-33404642
In base 11, what is -102314062 - 4?
-102314066
In base 12, what is 28824 + -4b7b?
23865
In base 5, what is 1123 - -100423014?
100424142
In base 2, what is -101 + -11101011011000110001000?
-11101011011000110001101
In base 14, what is 493b + aa90?
115cb
In base 2, what is 11001111101011 + -101010110000?
10100100111011
In base 8, what is -1626 + 17146?
15320
In base 15, what is -3 + a8c0326?
a8c0323
In base 4, what is 10311 - -1231102211?
1231113122
In base 13, what is 11 - -29620c?
296220
In base 5, what is -1400314412 - -10?
-1400314402
In base 8, what is -3226 - 240724?
-244152
In base 5, what is -3214 + 1121420?
1113201
In base 7, what is 4452 - -40140?
44622
In base 9, what is -28 + 3104357?
3104328
In base 7, what is -135516 - 22315?
-161134
In base 4, what is 2011300022122 - -12?
2011300022200
In base 13, what is 9b9a + 115?
9cb2
In base 11, what is 1801902 - -10?
1801912
In base 15, what is -34 + 433b7b?
433b47
In base 11, what is 10a4 + 980?
1a74
In base 9, what is 54425703 - 4?
54425688
In base 11, what is 9 - -30511502?
30511510
In base 14, what is -21c10 + 2210?
-1da00
In base 3, what is 21 - -11021221011222001?
11021221011222022
In base 6, what is 14340431 + -3342?
14333045
In base 14, what is -397bd0a + -3?
-397bd0d
In base 7, what is -526 + -22143251?
-22144110
In base 7, what is 120 + 123436?
123556
In base 12, what is -60880 + -92?
-60952
In base 16, what is -291cb4 - 14?
-291cc8
In base 4, what is 3 + -221213322312?
-221213322303
In base 4, what is -120 - -3213332?
3213212
In base 10, what is -564 + -667340?
-667904
In base 2, what is -10100101001111111010 - 1011101?
-10100101010001010111
In base 11, what is 775061550 + 1?
775061551
In base 6, what is 104 + 2223304?
2223412
In base 8, what is 4534641 + -2?
4534637
In base 11, what is 4993 + 621?
5504
In base 13, what is 1cb71 + -491?
1c6b0
In base 3, what is 210 + -1102102201212?
-1102102201002
In base 4, what is -220220302 + 2130?
-220212112
In base 11, what is -7 + -914a685?
-914a691
In base 13, what is 0 - -96b3c4?
96b3c4
In base 13, what is 104 - -169ab?
16ab2
In base 10, what is -2866 - -15534?
12668
In base 2, what is 11000011111001111111 + -101?
11000011111001111010
In base 3, what is -111022012201112221 - 2?
-111022012201120000
In base 16, what is -1efd + 13fa?
-b03
In base 16, what is -7d - -742929?
7428ac
In base 3, what is 12011022212200202022 - 10?
12011022212200202012
In base 5, what is 11 - 213344221?
-213344210
In base 12, what is 2 - -5b3560?
5b3562
In base 14, what is -13636dd - -2?
-13636db
In base 8, what is 36 - -1670127?
1670165
In base 11, what is 9461 - 17233?
-8882
In base 5, what is -2220013211 + 3?
-2220013203
In base 11, what is -63a45 - -133?
-63912
In base 10, what is 30308 - 346?
29962
In base 11, what is -96 + 14318?
14232
In base 13, what is -5 - 30c6191?
-30c6196
In base 11, what is 7301433 - -2?
7301435
In base 11, what is 9955588 + -5?
9955583
In base 12, what is 49442 + 14b3?
4a935
In base 5, what is 114341 + -111224?
3112
In base 13, what is -2a9b442b + 1?
-2a9b442a
In base 8, what is -5 + -144505062?
-144505067
In base 4, what is 20 + 2231003130?
2231003210
In base 10, what is -272089193 + -3?
-272089196
In base 5, what is -131122 + 41132?
-34440
In base 5, what is 21323432001 - 10?
21323431441
In base 8, what is -63020771 - -5?
-63020764
In base 16, what is -47f8 - -292?
-4566
In base 10, what is 562 - -4158?
4720
In base 13, what is -1ba008a3 - 2?
-1ba008a5
In base 6, what is -2312324332 - 15?
-2312324351
In base 15, what is -1da19cd2 + 2?
-1da19cd0
In base 2, what is -101110001000110010011100 + -1000001?
-101110001000110011011101
In base 16, what is -3031a3 - 9?
-3031ac
In base 8, what is -3621 - 66246?
-72067
In base 15, what is -b7210 + -13?
-b7223
In base 13, what is -b802a - -37?
-b7cc3
In base 6, what is -142153 - 22214?
-204411
In base 15, what is 228ca - 790?
2213a
In base 12, what is 255699303 + -4?
2556992bb
In base 12, what is 156131 - 126?
156007
In base 8, what is 5421407 - -7?
5421416
In base 16, what is 31888d - 5?
318888
In base 10, what is 42 + -1822858?
-1822816
In base 4, what is 10 + 21312330113033?
21312330113103
In base 12, what is 30 + -10bb96?
-10bb66
In base 6, what is 3530101 + 45?
3530150
In base 4, what is 13102031311 - 1322?
13102023323
In base 16, what is -1 + -70548?
-70549
In base 14, what is -617 + 5ad4?
54bb
In base 16, what is -6ced61 + 0?
-6ced61
In base 12, what is 1778 - 416?
1362
In base 6, what is -10120 - -523534?
513414
In base 11, what is -41136 - -3a?
-410a7
In base 11, what is -72227082 + -5?
-72227087
In base 13, what is -1329b9 + -14?
-132a00
In base 7, what is -116456 - -33504?
-52652
In base 9, what is -27 - -1217035?
1217007
In base 6, what is 222442513 + -110?
222442403
In base 11, what is -360715 + a?
-360706
In base 15, what is 8e481 + 49?
8e4ca
In base 3, what is -12102010121 + 1002?
-12102002112
In base 12, what is -31970 - -1635?
-30337
In base 10, what is -246858 - 466?
-247324
In base 3, what is -201021102022111 - -10?
-201021102022101
In base 6, what is 115015555410 - -5?
115015555415
In base 14, what is d11a + -26?
d0d4
In base 9, what is -1086 + 5378?
4282
In base 10, what is -223120 - 239?
-223359
In base 2, what is 1 + 110010000100100000?
110010000100100001
In base 2, what is 101110001100111011111010010 + -101?
101110001100111011111001101
In base 6, what is 111 - -242511?
243022
In base 8, what is 14562 + -606?
13754
In base 6, what is -24 - 102443034?
-102443102
In base 6, what is 121323431 + 2?
121323433
In base 11, what is -176a7510 + 16?
-176a74a5
In base 10, what is 212707 + -54?
212653
In base 9, what is -28033554 + -2?
-28033556
In base 11, what is -100a53 + -34?
-100a87
In base 11, what is 3998445 + -4?
3998441
In base 10, what is 65084 - -424?
65508
In base 8, what is 31063 + -6521?
22342
In base 9, what is 35 - -11234811?
11234846
In base 13, what is -15c88 + -7a?
-16035
In base 16, what is -329d0 - 18e?
-32b5e
In base 2, what is -11000111001 - 1010000111101000?
-1010100000100001
In base 14, what is -27ab7d1c + 4?
-27ab7d18
In base 15, what is -5d79d + b?
-5d792
In base 13, what is -5374 + 158?
-5219
In base 11, what is 3 - aa60513?
-aa60510
In base 2, what is -10010010 - -101111110011101?
101111100001011
In base 11, what is -1278a872 + -1?
-1278a873
In base 7, what is -21661 - -22?
-21636
In base 9, what is 86 - 205558?
-205462
In base 16, what is 13 + -26b876?
-26b863
In base 13, what is -2bb4 + 54c7?
2613
In base 5, what is 20203 - -12143?
32401
In base 11, what is 3a - 5389?
-534a
In base 6, what is -10 - -4045020535?
4045020525
In base 4, what is -102211 - 1110122?
-1212333
In base 13, what is -12637 + -1c5?
-1282c
In base 12, what is -1 - -14a6582?
14a6581
In base 4, what is -2 + 1023102310013?
1023102310011
In base 7, what is 20 - 350325?
-350305
In base 3, what is 1122211 + 2012211012202?
2012212212120
In base 2, what is 1000000 + 100001101010110101?
100001101011110101
In base 16, what is 1a196a7 + -5?
1a196a2
In base 5, what is 10 - 30012403114?
-30012403104
In base 15, what is 1c - -2ba7d?
2ba9a
In base 11, what is 55a - 155a0?
-15041
In base 2, what is -10000001001 - 1011001010011100?
-1011011010100101
In base 4, what is 2 + 30203213021?
30203213023
In base 16, what is -149a921 - -5?
-149a91c
In base 15, what is 6 - -1064540?
1064546
In base 8, what is -54316426 + 3?
-54316423
In base 14, what is 17554dd + -4?
17554d9
In base 8, what is -151126 + -10520?
-161646
In base 12, what is -5a66847 + 6?
-5a66841
In base 14, what is -2a + 391b69d?
391b673
In base 14, what is 570cb - -6?
570d3
In base 12, what is -14b - 23990b?
-239a5a
In base 8, what is -2145206004 - -5?
-2145205777
In base 2, what is 11010000110110100001 - 110000?
11010000110101110001
In base 16, what is -51a49 + -42?
-51a8b
In base 4, what is 3132 - 2100122103?
-2100112311
In base 12, what is -1566 + 7968?
6402
In base 3, what is 11211221100 + -1121102?
11210022221
In base 5, what is -42120223442 - -1?
-42120223441
In base 6, what is 3 + 335155232?
335155235
In base 2, what is 111110 - -10100